 14) in base 9?
451527
What is 5ab48 (base 16) in base 7?
3105113
Convert 223023103 (base 4) to base 6.
3442431
-16344655 (base 7) to base 6
-54034304
4a2814 (base 12) to base 3
2021100010021
4249575 (base 10) to base 6
231025543
210343312 (base 6) to base 16
37f9dc
Convert -12012100100 (base 3) to base 9.
-165310
-c4451c (base 13) to base 14
-872c54
What is -11020201112222 (base 3) in base 16?
-2274c5
What is 11b17 (base 13) in base 2?
111111101111101
1650371 (base 8) to base 9
810646
Convert 32340023 (base 5) to base 15.
5735d
What is -463716 (base 8) in base 7?
-1224416
Convert -1010011310 (base 4) to base 2.
-1000100000101110100
Convert -18df3 (base 16) to base 2.
-11000110111110011
Convert -52411540 (base 7) to base 3.
-22022201120101
-258031 (base 10) to base 7
-2123164
Convert -30502554 (base 6) to base 8.
-3265346
-7b5386 (base 14) to base 6
-230020350
-43d4a (base 15) to base 5
-23344440
-210053 (base 9) to base 11
-85770
1261 (base 14) to base 10
3221
Convert a3342 (base 16) to base 13.
1a5369
-306f59 (base 16) to base 10
-3174233
What is -411021400 (base 5) in base 3?
-10010012222020
Convert -1111101111111010100 (base 2) to base 8.
-1757724
What is -6111317 (base 8) in base 5?
-403013242
What is -63dd (base 16) in base 8?
-61735
Convert -12654465 (base 7) to base 16.
-11e737
Convert 7257535 (base 8) to base 9.
3553481
Convert -330630 (base 9) to base 4.
-300023133
-3475c8 (base 14) to base 13
-4a77c0
-2034232144 (base 5) to base 10
-4211549
de860 (base 15) to base 14
145a6d
Convert -2173c0 (base 14) to base 2.
-100010100110111001100
3293b2 (base 12) to base 8
3042366
Convert 32103120 (base 4) to base 9.
88323
Convert 20155441 (base 6) to base 16.
8c791
What is 5666059 (base 12) in base 2?
111111001010011011000101
-18260 (base 12) to base 7
-203544
Convert 31333100130 (base 4) to base 12.
128a110
3cfa79 (base 16) to base 4
33033221321
Convert -33853 (base 16) to base 5.
-23223102
14eac (base 16) to base 11
59408
What is 503311 (base 8) in base 15?
340d7
3544932 (base 10) to base 16
361764
Convert -988634 (base 10) to base 12.
-3b8162
What is -4143245 (base 6) in base 2?
-110000111010001101
What is -20789a (base 12) in base 15?
-a163a
Convert -361845 (base 15) to base 10.
-2587115
Convert 2025012 (base 6) to base 8.
275340
16147b (base 12) to base 13
101c9c
What is 510490 (base 12) in base 9?
2338040
What is 2803aa (base 13) in base 8?
3551711
10110100010001000001010 (base 2) to base 6
330335002
-10303212 (base 6) to base 5
-34211432
-d40133 (base 14) to base 6
-413053321
-12277c (base 15) to base 16
-d42cb
Convert -54e78 (base 15) to base 14.
-704da
1122022301 (base 4) to base 7
3065522
989981 (base 11) to base 7
16266445
Convert 45196 (base 10) to base 13.
17758
-58520 (base 15) to base 2
-1000100101011000000
Convert 46218 (base 15) to base 5.
24120343
-1a9a88 (base 11) to base 8
-1162352
1045531 (base 7) to base 5
13113420
What is 10620066 (base 7) in base 5?
214213420
-3023753 (base 9) to base 10
-1610247
What is 50323144 (base 6) in base 4?
11130032020
Convert -4783060 (base 9) to base 16.
-27942c
Convert 44101011 (base 6) to base 11.
81855a
What is 100011200010 (base 3) in base 7?
1351251
What is -1244002331 (base 5) in base 6?
-150352500
What is -11102110121 (base 3) in base 6?
-1511111
-98997 (base 11) to base 2
-100011000011111100
-132746 (base 10) to base 4
-200122022
Convert 10111011110110010000 (base 2) to base 15.
102e9e
Convert 10202023 (base 7) to base 5.
204422420
What is 220513523 (base 6) in base 15?
533583
Convert 4735730 (base 10) to base 16.
4842f2
-102111002202 (base 3) to base 16
-37310
What is 65653 (base 10) in base 12?
31bb1
Convert -368456 (base 9) to base 12.
-a8a80
What is a843b (base 12) in base 15?
45ac2
1914980 (base 10) to base 12
784258
-120010121222 (base 3) to base 6
-10215042
-136442 (base 9) to base 10
-83468
-202545 (base 6) to base 14
-5c89
What is -210a81 (base 11) in base 13?
-bab33
What is -103344035 (base 8) in base 3?
-1020021020222010
Convert -11210001111212 (base 3) to base 13.
-6ac2aa
Convert d3b92 (base 15) to base 10.
670862
What is b8c7a5 (base 13) in base 6?
233010225
What is -43b24 (base 12) in base 3?
-11120002201
Convert -31155105 (base 8) to base 5.
-3143000402
What is -3342242443 (base 5) in base 16?
-70ac3b
Convert 5656303 (base 7) to base 4.
2223231010
-21032220 (base 4) to base 8
-111650
Convert -27565 (base 13) to base 5.
-4322204
Convert -229607 (base 12) to base 8.
-2075047
What is -1682303 (base 10) in base 8?
-6325577
What is -726573 (base 8) in base 13?
-8591c
Convert -19053 (base 16) to base 13.
-37854
Convert -1111110101100111111 (base 2) to base 3.
-222100220022
232331031 (base 4) to base 15
3bec3
What is 1013252 (base 6) in base 2?
1011111001000000
Convert -95711 (base 12) to base 2.
-101111111010111101
Convert -50401754 (base 8) to base 3.
-201222102221012
Convert 3951a (base 13) to base 16.
19f54
Convert -154202 (base 7) to base 14.
-b072
89bdb (base 14) to base 11
209246
Convert -13681 (base 16) to base 8.
-233201
-155405 (base 8) to base 2
-1101101100000101
Convert 11a95 (base 12) to base 6.
303105
Convert c91 (base 14) to base 11.
1954
What is -628626 (base 11) in base 5?
-224210430
-233332113 (base 4) to base 5
-22242003
-ab1614 (base 12) to base 16
-297d30
Convert -521205254 (base 6) to base 12.
-303082a
What is -1344421333 (base 5) in base 11?
-1a90107
-231333011002 (base 4) to base 15
-10d1c1a
Convert -2020112222000 (base 3) to base 2.
-100100010111111010000
Convert 210105 (base 13) to base 14.
161145
Convert -154a73 (base 16) to base 2.
-101010100101001110011
Convert 3813cc (base 15) to base 5.
1141443432
Convert -1d437b (base 15) to base 12.
-5906bb
-10c06 (base 16) to base 4
-100300012
3021115 (base 6) to base 16
22de7
-54416132 (base 7) to base 16
-471b66
What is -7751 (base 13) in base 14?
-60ba
-1161012 (base 7) to base 5
-14233324
Convert 46737703 (base 8) to base 3.
201012120121101
What is 471874 (base 16) in base 2?
10001110001100001110100
Convert 101c5c (base 15) to base 7.
6335613
What is -552355 (base 13) in base 2?
-111101001010100010001
What is -30a9a (base 14) in base 7?
-666053
Convert -20111001011002 (base 3) to base 13.
-9382a0
What is 100010010100110000 (base 2) in base 14?
39344
86b11 (base 13) to base 16
3b757
What is 2629999 (base 10) in base 15?
36e3d4
What is 314054 (base 6) in base 10?
25522
What is 1324465 (base 7) in base 11?
10a105
Convert -1001010011110000110 (base 2) to base 13.
-a8abb
-4323304 (base 5) to base 4
-101331223
23830 (base 15) to base 16
1ba44
Convert -1002030 (base 5) to base 15.
-4a95
Convert 112010001200 (base 3) to base 12.
114916
1141300 (base 6) to base 11
41041
What is -844569 (base 12) in base 2?
-111111100001000100001
4926b (base 12) to base 15
1e462
What is 31021231 (base 4) in base 16?
d26d
Convert 143511 (base 6) to base 16.
35e3
Convert -763855 (base 10) to base 5.
-143420410
Convert 47588 (base 10) to base 14.
134b2
Convert 247989a (base 11) to base 9.
8077375
-24eac2 (base 15) to base 9
-3288232
32938 (base 13) to base 14
25581
Convert -15785c0 (base 15) to base 7.
-246226053
-11215333 (base 8) to base 16
-251adb
101001110010000001 (base 2) to base 5
20434022
What is -2020231211 (base 4) in base 11?
-352797
Convert -76793 (base 10) to base 9.
-126305
3a7d4 (base 15) to base 12
90547
Convert 23226d (base 15) to base 16.
199a68
14757404 (base 8) to base 10
3399428
-939026 (base 11) to base 15
-1eb094
-19acbb (base 15) to base 8
-4614452
What is -101021100 (base 3) in base 2?
-1110101000000
What is 1884285 (base 11) in base 7?
36024113
-364799 (base 13) to base 3
-2102210212122
What is -111001000111 (base 3) in base 11?
-165892
What is -398973 (base 12) in base 6?
-32154223
What is -5b3ed0 (base 15) in base 11?
-2513180
Convert -25534305 (base 6) to base 10.
-836897
Convert 120113020203 (base 4) to base 11.
3672067
1962382 (base 12) to base 3
101002000010122
What is -13426 (base 7) in base 8?
-7076
Convert -100220120010120 (base 3) to base 14.
-9b134c
Convert -131a56c (base 13) to base 11.
-3422aa3
Convert 132436 (base 11) to base 10.
208159
Convert -11210100001 (base 3) to base 16.
-1704d
11011100000101100100 (base 2) to base 3
1200210121000
What is -1376b6 (base 12) in base 8?
-1171052
-122011101